j(8). Suppose -3*y - 609 = -4*k, s - 9 = 2*k - 3*y. What are the prime factors of k?
3, 17
Suppose -316604 = -14*h + 77412. What are the prime factors of h?
2, 1759
Suppose -16 = -391*d + 390*d. Let l(p) be the second derivative of 5*p**3/6 - 33*p**2 + 2*p. List the prime factors of l(d).
2, 7
Let y be -5208 - ((-42)/7 - 2 - -5). What are the prime factors of (21/((-630)/(-12)))/((-1)/y)?
2, 3, 347
Suppose 5*c = 25, c = -5*q - 2*c + 40. Suppose q*b = 3*h + 7*b + 398, 4*h + 519 = -5*b. Let w = h - -233. List the prime factors of w.
97
Suppose -8*b + 12*b - 4 = 0. Suppose 0 = -4*x + 3*r + 14, 0*x - 3*x - 5*r = 4. List the prime factors of (b - -51) + x + -5.
7
Suppose -210 = 14*y - 29*y. What are the prime factors of (-5 - 21175/y)*4/(-5)?
2, 607
Suppose -4*s + 1 = u - 3*s, 3*u - s - 15 = 0. Suppose 7*w - u*w - 1143 = 0. What are the prime factors of w?
3, 127
Suppose -3065*k - 232042 - 82174 = -3096*k. What are the prime factors of k?
2, 7, 181
Let u(k) = 69*k**2 + 58*k + 633. List the prime factors of u(-28).
5, 13, 19, 43
Let j be (-2)/(-8) + (-150)/(-40). Let o be 1 + -2 - (2 - j)*2. Suppose -5*b = -o*x + 318, -2*x + 493 = 3*x + 4*b. List the prime factors of x.
101
Suppose -14*k - 706350 = -64*k. What are the prime factors of k?
3, 17, 277
Suppose 9*p = 14*p + 950. Let m be p/(-15)*21 - 0. Suppose 0 = -6*d + m + 682. What are the prime factors of d?
2, 79
List the prime factors of 46/23 + (3 - -13323 - -2).
2, 5, 31, 43
Suppose -187 = 9*d + 155. Let v = d + 37. List the prime factors of 1 + (-25)/v - (10 - 12).
2, 7
Suppose 5*u + 60341 = 4*g, 3*g = 37*u - 33*u + 45256. What are the prime factors of g?
2, 3, 419
Suppose -5*n + 3*n = -548. Suppose 130 = z - n. What are the prime factors of z/(-6)*9/(-6)?
101
Let t = 16712 - 16692. Let d(f) = f**2 + 2. Let l be d(-3). Let p = t + l. What are the prime factors of p?
31
Suppose -3*g - 2*g = -30. Suppose g*h + 22 = -14. What are the prime factors of (-36)/(-6) + h + (-228)/(-2)?
2, 3, 19
What are the prime factors of (7844/6)/((-24)/9 - (-980)/350)?
5, 37, 53
Suppose -28667 = -3*q - 4*g, -4*q - 374*g + 38264 = -379*g. List the prime factors of q.
3, 3187
Suppose 2*k = m - 22125, -60*m - 2*k + 88540 = -56*m. What are the prime factors of m?
22133
List the prime factors of (-52)/39*27867/(-14).
2, 1327
Let z be (-42)/(-84)*(-1 - 1)*-5. Let u = 10 - 4. Suppose z*t = -4*r + u*r + 183, t = 5*r + 55. What are the prime factors of t?
5, 7
Let x(u) = -u - 8. Let m be x(-10). Suppose -2*l + 148 = m*l. Suppose -3*d = l - 103. List the prime factors of d.
2, 11
Suppose 1299668 = 11*d + 101*d - 3244284. What are the prime factors of d?
29, 1399
Suppose -2*j - 19*f = -15*f + 20, 2*j - 3*f = 1. List the prime factors of 1/((-3)/(j - (6 + 2297))).
769
Suppose -157*s + 117397 = 60*s. List the prime factors of s.
541
What are the prime factors of (-13)/(52/(-3976)) + 1?
5, 199
Let r(q) be the third derivative of -q**6/120 - 3*q**5/10 - 3*q**4/4 - 25*q**3/6 - q**2. Let s be r(-17). Let j = 28 + s. List the prime factors of j.
2, 5
Let v = 31 - -82. Suppose -116*j = -v*j - 9. List the prime factors of 2/j - ((-7947)/27 - 7).
2, 151
Let d = -8659 + 21574. List the prime factors of d.
3, 5, 7, 41
Let x(s) = s**2 + 12*s - 16. Let g = 147 - 96. Suppose 0 = -36*k + 39*k + g. List the prime factors of x(k).
3, 23
Let w = -23 + -91. Let r be (-2)/6 - w/18. What are the prime factors of ((-104)/r)/((-8)/12)?
2, 13
Let q(z) be the second derivative of z**5/60 + z**4/8 - 5*z**2/2 + 15*z. Let m(l) be the first derivative of q(l). List the prime factors of m(4).
2, 7
Suppose g = y + 2 - 0, -5*g = y - 28. Suppose 2*p - 5*j = -y*j + 956, -p - 3*j = -494. List the prime factors of p.
2, 241
What are the prime factors of (-1)/((36/(-15))/12) - -13026?
83, 157
Let p be 0 - (-1*(1 - 0) - -2). Let k = p + 25. List the prime factors of -7*(-3)/k*-4*-2.
7
Let q(n) = 53*n + 5. Let j be q(5). Let g = j - -34. What are the prime factors of g?
2, 19
Suppose -83 = -2*n + 4*w + 33747, -4*n + 67632 = -w. What are the prime factors of n?
11, 29, 53
Let u = -14 - -19. Suppose -z = -2*x + 231, -u*x = 2*z - x + 486. Let s = z + 336. List the prime factors of s.
3, 11
Let g = -3 + 20. Suppose g*z + 8 = 15*z. What are the prime factors of -4 + -3 + (-444)/z?
2, 13
Suppose 0 = -7*o + 752 - 731. Suppose -12*f + o*f = -8370. What are the prime factors of f?
2, 3, 5, 31
Suppose -44*o = 20*o - 14*o - 645750. List the prime factors of o.
3, 5, 7, 41
Let g = -109 + 106. List the prime factors of (0 + 1)*(9/g - -286).
283
Let l(u) = 40*u**2 + 18*u - 3. List the prime factors of l(8).
37, 73
Suppose 7 = o - 33. Suppose -7*k + o = 5. Suppose -101 + 291 = k*g. List the prime factors of g.
2, 19
Let k be 76/(-20) + -1 + 18/10. Let z be (-27)/k + (-1 - (4 - 8)). Let u(w) = 3*w**2 - 23*w + 25. What are the prime factors of u(z)?
181
Suppose 5*r + 2*n - n - 6057 = 0, 8 = 4*n. Let d = -145 + r. List the prime factors of d.
2, 13, 41
Let v(o) = o**3 + 3*o**2 - 9*o + 6. Let l be v(-5). List the prime factors of (l + -20 + 1)*84/(-18).
2, 3, 7
Let l(x) = x**3 + 2*x**2 - 2*x + 546. Suppose 0*t + t - 2*t = 0. List the prime factors of l(t).
2, 3, 7, 13
List the prime factors of (-5)/1 - (-17856 - 37).
2, 13, 43
What are the prime factors of (22/(-6) - 0)*(-1803 + -186)?
3, 11, 13, 17
Suppose 118*q - 90227 - 1344417 = 0. List the prime factors of q.
2, 6079
Let f = 713 + -1604. Let m = 568 + f. What are the prime factors of (4 + 0 - m)/3?
109
Let x be 7/(-2)*-326 - 15/3. Suppose -4*m - 4*r + x = 0, 116 = m - 3*r - 152. What are the prime factors of m?
2, 5, 7
Let x(f) = 26*f**2 + 2*f - 15. Let d be x(-6). Suppose 0 = 4*g - 287 - d. What are the prime factors of g?
13, 23
What are the prime factors of ((12/4)/1)/(-2 + 3847/1922)?
2, 31
Suppose 2*g + 4*f - 2606 = 19618, 4*g = -f + 44469. Suppose 16*d = -g + 31710. What are the prime factors of d?
3, 11, 13
Let u(g) = g**2 - 12*g - 47. Let w be u(15). List the prime factors of ((-5753)/22)/(1/w).
523
Let b(v) = 12*v - 27*v**2 - 55 + 54*v**2 + v + 88. What are the prime factors of b(-6)?
3, 103
Let x be 0/(4 + (-9)/3). Suppose 0 = 5*v + o - 2*o - 1060, 4*v - 5*o - 869 = x. What are the prime factors of v?
211
Suppose 6 = -2*w, 18 = d - 3*w - 25. Suppose d*r - 36*r = -594. What are the prime factors of r?
3, 11
Suppose 3*n + s + 0*s = 5288, -5*n - 3*s = -8812. Suppose 483 = -5*u + n. What are the prime factors of u?
2
Let t be (-2 + -2 - 54)*-4. Let l = t - -402. What are the prime factors of l?
2, 317
Suppose -9868 = -2*b + 4*k, -9853 = -2*b - 72*k + 73*k. List the prime factors of b.
2, 1231
Suppose -4*g - 114 = 5*w - 10*w, -2*g = 2. Suppose x = w + 591. What are the prime factors of x?
613
Let d(z) = 1558*z**2 - 250*z - 17. What are the prime factors of d(7)?
5, 19, 157
Suppose -2*u + y - 7 = -2*y, -5*u = 2*y - 11. Let r be 5 + 208 + (u - -4). Suppose -5*p = -7*p + r. List the prime factors of p.
109
Suppose -23*t + 308 = -19*t. List the prime factors of (-22)/t - (2 + (-2958)/14).
11, 19
Let f be (-32)/((-6)/3)*(-5 + 60). Suppose -5*b = 5*t - f, -4*b + 3*t + t + 680 = 0. What are the prime factors of b?
173
Let r be ((-100)/(-12))/((-3)/(-9)). Let y be (-30)/r*1*(-20)/3. Suppose 3*o + w + 347 = y*o, -3*w - 282 = -4*o. List the prime factors of o.
3, 23
Suppose -30 = -13*t + 22. Suppose 10*k = t*z + 6*k - 3480, 4*z - 2*k = 3472. What are the prime factors of z?
2, 433
Let n be 213 + 0 + (-344)/(-86). Let s = 1437 - n. What are the prime factors of s?
2, 5, 61
Let d(b) = -b. Let f(i) = 14*i**3 + 4*i**2 - 12*i + 3. Let c(y) = -6*d(y) + f(y). Let r be c(2). Let w = -88 + r. What are the prime factors of w?
31
Let a = 932 + -1538. Let w = -269 - a. List the prime factors of w.
337
What are the prime factors of 12559 - ((-1)/(-1))/((-42)/84)?
3, 53, 79
Let b = -31 - -39. Suppose b = a + 2. What are the prime factors of 5/(18/(-12) + -2 + a)?
2
Suppose 3*t - 215 = 8*t. Suppose 5*n + 0*p - 418 = 4*p, -n - 4*p + 98 = 0. Let q = n + t. List the prime factors of q.
43
What are the prime factors of (-3)/(3/(-6044)) + (-48 - -52)?
2, 3, 7
Let o = 213 + -192. Suppose 530 + 1003 = o*v. List the prime factors of v.
73
Let b(r) = 11832*r**2 + r + 1. What are the prime factors of b(1)?
2, 61, 97
List the prime factors of (-4)/6*45144